divisor of 63 and k.
7
Suppose -3*r - i = -63, 3*r - r - 3*i - 53 = 0. Let f be 5/(((-2)/(-4)*-20)/(-4)). Calculate the highest common factor of r and f.
2
Suppose 5*u - 4*y - 95 = y, 0 = -3*y + 15. Suppose 7*n - 71 = -8. Let w = u - n. What is the highest common factor of 45 and w?
15
Let p = -16 - -18. Suppose -p*h + 49 = 3*z + 1, 5*z = -2*h + 80. Calculate the highest common factor of z and 32.
16
Let z be (3*1)/(30/40). Suppose -z*j - 9 = -6*j - v, 4*j - 2*v = 38. Let h(r) = -r**2 + 10*r - 6. Let d be h(j). What is the greatest common factor of d and 75?
15
Suppose 0*b - 4*b + 44 = 0. Let q(v) = v**3 + 10*v**2 + v + 21. Let j be q(-10). What is the greatest common factor of b and j?
11
Suppose -37*p - 9204 = -89*p. What is the highest common factor of p and 59?
59
Let i be (-2)/(-1)*10/4. Suppose -i*p + 38 - 13 = 0. Suppose -2*m + 30 = -0*m + y, p*m - 3*y - 97 = 0. What is the highest common divisor of m and 51?
17
Let d(n) = -7*n**2 - 2*n + 9. Let l be d(3). Let w be (12/(-9))/(5/l). What is the highest common factor of 80 and w?
16
Suppose -3*a + 3*h - 16 = 5*h, -4 = 2*a - 2*h. Let c be (-4 + (-14)/a)*-12. What is the greatest common divisor of c and 24?
6
Let f(d) = d**2 + 3*d + 2. Let l be f(-4). Let m(y) = 13*y + 2*y + 8 - 7*y - 6*y. Let q be m(l). What is the greatest common divisor of q and 140?
20
Let m = -9 + 7. Let z be ((-3)/9)/(m/42). Calculate the highest common factor of 14 and z.
7
Suppose -p = -28 + 4. Let y = 30 - p. Calculate the highest common factor of y and 3.
3
Suppose -5*p + 63 = 18. Let r(a) = -52 + 5*a - 11*a + 70 - 3*a. Let f be r(1). Calculate the highest common factor of f and p.
9
Let b be ((-66)/4)/((-6)/8). Let d = -10 + 13. Let o(g) = g**2 + 3*g - 7. Let p be o(d). Calculate the highest common factor of b and p.
11
Let v(r) = -14*r - 2. Let d be v(-3). Let i = 111 + -81. Suppose -17*s + 14*s = -i. What is the highest common divisor of d and s?
10
Let w be 1/((-6)/(-3))*912. What is the highest common divisor of 57 and w?
57
Let o be (79 - (-21)/7) + -8. Suppose -106 = -4*k + 142. Suppose -3*y + 5*c = -k - 59, 4*y = 2*c + 152. What is the greatest common factor of o and y?
37
Suppose 2*t = 1 + 1. Let l(h) = -h**3 - 10*h**2 + 11*h + 8. Let v be l(-11). Let f be -20*(-3 + v)/(-10). What is the highest common divisor of f and t?
1
Suppose -c - 2*c - 649 = 5*f, 652 = -3*c - 2*f. Let b be 6/(-24) - c/8. Let h = b + -18. What is the highest common divisor of h and 18?
9
Let h(q) = 44*q**2 - 4*q + 6. Let o be h(1). What is the highest common factor of 23 and o?
23
Suppose 0*o + 11 = -o. Let q = 5 - o. Let t(v) = -48*v**3 - 2*v**2 - 2*v. Let i be t(-1). Calculate the highest common divisor of i and q.
16
Let y(t) = 2*t**2 + 6. Let o be y(4). What is the highest common divisor of 171 and o?
19
Suppose -3*t - 33 = -69. What is the highest common divisor of 52 and t?
4
Let h = -45 - -7. Let d be (h/4 + (-4)/2)*-2. Calculate the greatest common factor of 23 and d.
23
Let c = 48 - 40. Let p(r) = -r**3 + 8*r**2 + 7*r - 8. Let q be p(c). Calculate the highest common divisor of 72 and q.
24
Suppose h + 620 = 5*u - 0*h, -3*u + 390 = 3*h. Calculate the greatest common factor of u and 50.
25
Let o be (3 - -5)*(-5)/(-4). Suppose r - 2*n + 24 = 0, n + 2*n + 69 = -2*r. Let m = 110 + r. Calculate the highest common factor of o and m.
10
Let c be ((2 + -5)/((-12)/8))/2. Let o(t) = t + 1 + 0*t**2 - 2*t + 16*t**2. Let s be o(c). What is the highest common divisor of 8 and s?
8
Suppose 2234 + 3574 = -8*v. Let p be 10/455*7 + v/(-13). Let i be 3/(-1)*(-28)/6. What is the highest common divisor of p and i?
14
Let y(r) = -r**3 - 4*r**2 - 3*r + 3. Let h(s) = -3*s**3 + 2*s**2 - 2*s. Let c be h(1). Let f be y(c). Calculate the greatest common factor of 39 and f.
3
Suppose 30 + 18 = 3*h. Suppose -4*s + h = -32. Calculate the highest common factor of s and 48.
12
Let o(h) = 53*h + 231. Let i be o(12). Calculate the greatest common divisor of i and 102.
51
Suppose 0 = 12*i - 7*i - 130. Let n be (0 + 6)/(-24 + i). Suppose -n = -v, j - v + 2*v - 17 = 0. What is the greatest common divisor of j and 2?
2
Let k be (-427)/(-21) + (-4)/(-6). Let l = -1 + 4. Suppose 0 = -3*q + 4*q + 4, -559 = -l*j - 2*q. What is the greatest common factor of j and k?
21
Suppose 0*v - 8*v = -544. Suppose 72 = 4*r - 2*s, r + 5*s + 78 = 5*r. Calculate the greatest common factor of v and r.
17
Let c = -43 - -63. Let y = 37 - -13. What is the greatest common factor of y and c?
10
Suppose 0 = -3*l + 7*d - 10*d + 78, 2*l - 5*d - 31 = 0. Calculate the greatest common factor of 184 and l.
23
Let r = 43 + 12. Let s be (r/(-3))/((-3)/9). What is the greatest common factor of s and 11?
11
Let k = 32 - -4. Let q be ((-90)/k)/(1/(-8)*1). What is the greatest common factor of 10 and q?
10
Let w = -69 - -71. Let n(u) = 8*u**2 - 6*u + 2. Let d be n(w). What is the greatest common divisor of 33 and d?
11
Suppose 8*f = 3*f. Suppose 4*i = -0*i. Suppose f = u - 8 - i. What is the greatest common factor of u and 12?
4
Suppose 23*u + 7*u - 2970 = 0. What is the greatest common factor of u and 407?
11
Let u be ((-99)/(-22))/((-6)/(-8)). Calculate the greatest common factor of u and 18.
6
Suppose 29*o - 9520 = 9*o. What is the greatest common divisor of o and 28?
28
Let g = -165 - -279. Let s = g - 70. Suppose -o = -f + 16, 6 = 3*f - 5*o - 52. What is the highest common divisor of f and s?
11
Suppose 1 = 2*z + 7. Let u = z - -9. Let m = 274 - 208. Calculate the greatest common divisor of u and m.
6
Suppose 0 = -3*j - 12, 32*h + 4*j = 36*h - 796. What is the greatest common factor of 165 and h?
15
Let t be -114 + 18 - (-8)/2. Let j = 108 + t. Calculate the highest common factor of j and 40.
8
Let z be (-6)/(-7)*28/6. Suppose -4*f + 12 = 0, -2*l + 3*l - z*f - 24 = 0. What is the highest common divisor of l and 4?
4
Suppose -4*d + 36 = 2*l, -3 = 6*d - 7*d. Calculate the greatest common divisor of 192 and l.
12
Suppose -66 + 201 = 2*v + 5*n, -4*v = -3*n - 309. Let c = 0 - -15. Calculate the greatest common factor of v and c.
15
Let i(f) = 3*f**3 + 10*f**2 - 16*f - 10. Let o be i(6). What is the greatest common divisor of o and 82?
82
Let f(c) = -c**3 + 6*c**2 - 5*c + 8. Let j be f(5). Let d = 36 + j. Calculate the highest common divisor of 4 and d.
4
Let r be (-16)/(-24) + (-2 - (-6744)/9). What is the highest common factor of 44 and r?
44
Suppose -485*p + 423 = -484*p. Calculate the greatest common factor of p and 47.
47
Suppose 2*a - 3*f = 369 + 27, 0 = -5*a - 4*f + 990. Calculate the greatest common divisor of a and 44.
22
Suppose 4*n + c = -n + 13230, c + 7938 = 3*n. Suppose n = 8*k - 90. Calculate the highest common divisor of k and 38.
38
Let m = -137 - -174. Let k = m + 80. What is the highest common divisor of k and 18?
9
Let l = -61 - -96. Suppose 78 = 4*o + 2*k, -11 = o - 4*k - l. Calculate the highest common factor of 30 and o.
10
Suppose -958*f = -950*f - 16. Calculate the highest common divisor of f and 71.
1
Let o be (-9)/((-126)/(-35))*42/(-5). Suppose -7*r = -3*r - 28. Calculate the greatest common divisor of o and r.
7
Suppose 17*a = 5*a + 204. Suppose 4*u - 4*i = 40, 2*u + 2*i = i + 17. Let m be (-3)/(1/((-102)/u)). Calculate the highest common factor of m and a.
17
Suppose 5*k = -2*m - 122, -4*k + k - 3*m - 66 = 0. Let g = k - -54. Let a be -2 + 2/((-2)/(-9)). Calculate the greatest common divisor of a and g.
7
Let w = -2922 - -4726. What is the greatest common divisor of 11 and w?
11
Let f(p) = p + 7. Let m be f(-5). Let c be (-85)/m*(-72)/90. What is the highest common divisor of 51 and c?
17
Suppose -291 - 45 = -6*d. Let t be 2/(-14) + (0 - (-848)/d). Calculate the highest common divisor of t and 15.
15
Let w(b) = 4*b - 6. Let o be w(-6). Let y = -26 - o. What is the highest common factor of 32 and y?
4
Let y(r) = -r**3 - 6*r**2 - 4*r + 6. Let p be y(-6). Suppose 285 = -9*m + 14*m. Let o be m*(-12)/(-9) + -1. Calculate the greatest common divisor of o and p.
15
Let n be 2/10*(0 + -2)*-20. Let a be 94/n + (-5)/(-20). What is the highest common divisor of a and 192?
12
Suppose -2*r + 285 = -35. Calculate the greatest common factor of 64 and r.
32
Suppose 286 = -4*o - 2*h - 0*h, -3*o + 2*h - 204 = 0. Let m = 75 + o. What is the greatest common divisor of m and 35?
5
Let y b